{"id":785,"date":"2012-07-20T17:14:53","date_gmt":"2012-07-20T17:14:53","guid":{"rendered":"http:\/\/aupe.org.uy\/web\/?page_id=785"},"modified":"2020-08-11T14:07:42","modified_gmt":"2020-08-11T14:07:42","slug":"asesoramiento-tecnico-y-capacitacion","status":"publish","type":"page","link":"https:\/\/aupe.org.uy\/web\/asesoramiento-tecnico-y-capacitacion\/","title":{"rendered":"Asesoramiento T\u00e9cnico y Capacitaci\u00f3n"},"content":{"rendered":"<p>El Departamento de Asesoramiento T\u00e9cnico y Capacitaci\u00f3n tiene como cometidos espec\u00edficos:<\/p>\n<ul>\n<li>Impulsar nuevas actividades de capacitaci\u00f3n a trav\u00e9s cursos en diferentes materias dirigidas a todos los profesionales interesados adem\u00e1s de nuestros socios.<\/li>\n<li>Realizar acuerdos de cooperaci\u00f3n interinstitucional que faciliten el cumplimiento de nuestros cometidos.<\/li>\n<\/ul>\n<p><strong>Directora<\/strong><\/p>\n<p>Dra. Sandra Etcheverry<\/p>\n<p>&nbsp;<\/p>\n","protected":false},"excerpt":{"rendered":"<p>El Departamento de Asesoramiento T\u00e9cnico y Capacitaci\u00f3n tiene como cometidos espec\u00edficos: Impulsar nuevas actividades de capacitaci\u00f3n a trav\u00e9s cursos en diferentes materias dirigidas a todos los profesionales interesados adem\u00e1s de nuestros socios. Realizar acuerdos de cooperaci\u00f3n interinstitucional que faciliten el cumplimiento de nuestros cometidos. Directora Dra. Sandra Etcheverry &nbsp;<\/p>\n","protected":false},"author":3,"featured_media":0,"parent":0,"menu_order":0,"comment_status":"open","ping_status":"open","template":"","meta":{"footnotes":""},"class_list":["post-785","page","type-page","status-publish","hentry"],"jetpack_sharing_enabled":true,"jetpack_shortlink":"https:\/\/wp.me\/P6c3En-cF","_links":{"self":[{"href":"https:\/\/aupe.org.uy\/web\/wp-json\/wp\/v2\/pages\/785","targetHints":{"allow":["GET"]}}],"collection":[{"href":"https:\/\/aupe.org.uy\/web\/wp-json\/wp\/v2\/pages"}],"about":[{"href":"https:\/\/aupe.org.uy\/web\/wp-json\/wp\/v2\/types\/page"}],"author":[{"embeddable":true,"href":"https:\/\/aupe.org.uy\/web\/wp-json\/wp\/v2\/users\/3"}],"replies":[{"embeddable":true,"href":"https:\/\/aupe.org.uy\/web\/wp-json\/wp\/v2\/comments?post=785"}],"version-history":[{"count":4,"href":"https:\/\/aupe.org.uy\/web\/wp-json\/wp\/v2\/pages\/785\/revisions"}],"predecessor-version":[{"id":3600,"href":"https:\/\/aupe.org.uy\/web\/wp-json\/wp\/v2\/pages\/785\/revisions\/3600"}],"wp:attachment":[{"href":"https:\/\/aupe.org.uy\/web\/wp-json\/wp\/v2\/media?parent=785"}],"curies":[{"name":"wp","href":"https:\/\/api.w.org\/{rel}","templated":true}]}}